 composite?
False
Is 5596157027 composite?
False
Is 3635849473 prime?
False
Is 60568115637 a composite number?
True
Is 325022843 a prime number?
True
Is 452226206 a composite number?
True
Is 293448945547 prime?
False
Is 139927854041 a prime number?
False
Is 11169973873 a prime number?
True
Is 421883761 a composite number?
True
Is 17483836463 a prime number?
True
Is 1744611949 composite?
False
Is 1524029867 prime?
False
Is 40830285083 prime?
False
Is 728766343 composite?
False
Is 34835751319 composite?
False
Is 3460010737 a prime number?
True
Is 243150609649 a composite number?
True
Is 4425528001 a composite number?
True
Is 87361754897 prime?
False
Is 31368038831 prime?
True
Is 85678330013 a prime number?
True
Is 5778024199 composite?
True
Is 39285530173 a composite number?
False
Is 1935521111 composite?
True
Is 393961031359 composite?
True
Is 93229883 a prime number?
True
Is 7614725549 composite?
True
Is 814600531 a prime number?
False
Is 13898028611 a prime number?
True
Is 23801549999 a prime number?
True
Is 10761535861 composite?
False
Is 7076704511 prime?
True
Is 39917479061 a composite number?
False
Is 113364037 composite?
False
Is 904262833 a composite number?
True
Is 107817520157 a composite number?
False
Is 2438276411 prime?
False
Is 205473083 composite?
False
Is 52762199969 a composite number?
False
Is 5945213 prime?
True
Is 2399571799 composite?
False
Is 130635761 a composite number?
True
Is 881129203 prime?
True
Is 2905427029 a prime number?
False
Is 24302847083 a prime number?
True
Is 11327328503 composite?
False
Is 23006026957 a composite number?
True
Is 152504103031 a prime number?
False
Is 22276213513 composite?
True
Is 89057603 prime?
False
Is 14052539155 a composite number?
True
Is 1755177107 a prime number?
False
Is 50800098647 a prime number?
True
Is 4465278241 composite?
True
Is 6206559661 prime?
True
Is 8914854631 a prime number?
False
Is 494000699 a composite number?
False
Is 155924893 composite?
True
Is 318036353 prime?
False
Is 30911857754 a prime number?
False
Is 3012474793 a prime number?
False
Is 52125023257 composite?
True
Is 1336555897 a prime number?
True
Is 785197818811 a composite number?
True
Is 3755407267 a prime number?
True
Is 970765183 composite?
True
Is 109288649 a prime number?
True
Is 122251043 a composite number?
True
Is 7953559453 prime?
False
Is 43553547313 composite?
False
Is 8285396863 composite?
True
Is 1084431961 prime?
True
Is 27051812707 a composite number?
True
Is 1071500921 prime?
True
Is 275757991 prime?
True
Is 180898447 composite?
False
Is 18450989 a prime number?
False
Is 5222594879 composite?
True
Is 14325626767 a prime number?
True
Is 197406508119 a prime number?
False
Is 7509265927 a prime number?
False
Is 1317564377 composite?
True
Is 346631189 a prime number?
False
Is 361706939 composite?
True
Is 1098051923 prime?
False
Is 335818393897 composite?
True
Is 995805469 a prime number?
False
Is 14024185471 a prime number?
False
Is 72344373809 prime?
True
Is 11387132347 a prime number?
True
Is 1845310793 a prime number?
True
Is 151185941 composite?
True
Is 1882200358 prime?
False
Is 117636697 prime?
False
Is 7977303287 prime?
True
Is 2832967999 prime?
False
Is 415865257 a prime number?
True
Is 102931511 prime?
True
Is 740879177 a prime number?
True
Is 4208208871 a prime number?
False
Is 42175777 a composite number?
True
Is 378535649 composite?
True
Is 164404656359 prime?
True
Is 4339192031 a composite number?
False
Is 1590196414 composite?
True
Is 11330503703 composite?
True
Is 2230268253 a prime number?
False
Is 4639615817 composite?
False
Is 1977950669 a prime number?
True
Is 495966133 a composite number?
True
Is 431203161 a composite number?
True
Is 6235183439 a prime number?
True
Is 5508264473 a composite number?
False
Is 855774299 a prime number?
False
Is 24796184177 prime?
True
Is 783161543 composite?
True
Is 449136211 a composite number?
False
Is 597006521 prime?
True
Is 6265263707 composite?
True
Is 11568908621 prime?
False
Is 453378071 composite?
False
Is 60652339183 composite?
True
Is 43222879 prime?
False
Is 669853747 composite?
False
Is 741586091 composite?
False
Is 1168066693 prime?
True
Is 132849929 a prime number?
True
Is 422828743 a composite number?
True
Is 9611908351 prime?
False
Is 7532917433 prime?
False
Is 169866349 composite?
True
Is 272180119 a prime number?
True
Is 1945024343 a composite number?
False
Is 1152868661 a prime number?
False
Is 3518878697 a prime number?
False
Is 126631675585 a composite number?
True
Is 18287505737 prime?
True
Is 295204487 prime?
False
Is 11418365359 a composite number?
True
Is 42490945163 prime?
True
Is 12621927991 composite?
False
Is 190028693 a composite number?
True
Is 1296447391 prime?
True
Is 366131361161 composite?
False
Is 37476883 a prime number?
False
Is 25146954226 a composite number?
True
Is 23131559903 a composite number?
True
Is 20983319977 a composite number?
True
Is 4344454181 a prime number?
False
Is 3790300321 a prime number?
False
Is 26889303959 prime?
False
Is 15246661 prime?
True
Is 859841363 a composite number?
True
Is 291537769 a prime number?
True
Is 357874669 a prime number?
False
Is 2007895403 composite?
True
Is 299187521 a composite number?
True
Is 1099209161 a prime number?
False
Is 126575724073 prime?
False
Is 140872157 composite?
True
Is 1842595367 a prime number?
True
Is 82303394423 a prime number?
True
Is 233076893 a composite number?
True
Is 1913748929 prime?
True
Is 1957324735 a composite number?
True
Is 125260987 a composite number?
True
Is 166736001959 a composite number?
False
Is 5887872331 composite?
True
Is 22661498731 prime?
True
Is 2262319427 prime?
True
Is 1218671711 a prime number?
True
Is 1732330693 composite?
True
Is 2329944557 a composite number?
True
Is 35399430071 composite?
True
Is 483372719 a composite number?
True
Is 29107633 prime?
True
Is 2043235213 composite?
False
Is 2331992447 prime?
True
Is 105967397771 a prime number?
False
Is 189055996322 prime?
False
Is 34805859749 a prime number?
False
Is 1493415401 a prime number?
True
Is 12809869993 prime?
False
Is 510123287 prime?
False
Is 3448017427 a composite number?
False
Is 12156832529 composite?
True
Is 5337075581 composite?
True
Is 62039769713 a prime number?
True
Is 32151413317 composite?
True
Is 22037777863 composite?
True
Is 37280547097 composite?
True
Is 3112715099 a prime number?
False
Is 75338384741 a composite number?
False
Is 2557231907 composite?
True
Is 55215149161 a composite number?
False
Is 12413241517 a prime number?
True
Is 1725193 a prime number?
False
Is 77239207 composite?
False
Is 1854307517 a prime number?
True
Is 462197111 a prime number?
True
Is 11435948387 prime?
True
Is 5200089199 prime?
False
Is 2209984999 a prime number?
False
Is 25662842843 composite?
True
Is 797033521 prime?
False
Is 46031497559 a composite number?
True
Is 5385274441 prime?
False
Is 36392183701 a composite number?
False
Is 9521882897 prime?
True
Is 2854010293 a composite number?
False
Is 240281749 prime?
False
Is 18551810399 a prime number?
False
Is 960013253 prime?
False
Is 2702813063 prime?
True
Is 7820126627 composite?
True
Is 6563646851 prime?
True
Is 5028516523 a prime number?
False
Is 198949493 composite?
False
Is 435802511 a composite number?
False
Is 83582325439 a composite number?
True
Is 1196151283 composite?
True
Is 5415863 prime?
False
Is 58891744459 a composite number?
False
Is 2413927571 composite?
True
Is 9197039 composite?
False
Is 5079200545 a prime number?
False
Is 18794481533 prime?
False
Is 2681497573 a prime number?
False
Is 88247636839 composite?
True
Is 692822597 a prime number?
False
Is 238563586073 a prime number?
True
Is 13648493879 composite?
False
Is 4207088573 a composite number?
False
Is 10085525969 a prime number?
True
Is 58109326361 composite?
True
Is 208130107 composite?
False
Is 5992848101 a prime number?
True
Is 349634711 a composite number?
False
Is 2034047563 composite?
True
Is 59038004057 a prime number?
False
Is 4550828531 prime?
False
Is 1920820949 a prime number?
True
Is 2702490013 a composite number?
False
Is 1145243549 composite?
False
Is 3337392461 composite?
True
Is 12247821581 prime?
False
Is 4843852445 a prime number?
False
Is 15677759341 prime?
True
Is 3100988549 prime?
False
Is 555862913 a 